- 3)/((-3)/(-4)). Suppose -5*v = -2*u - u - j, 0 = 5*v - u - 4336. List the prime factors of v.
2, 7, 31
Suppose 0 = -5*f + 2*m + 46, -5*m = 3*f - 2*m - 15. List the prime factors of (602/f)/((-15)/(-60)).
7, 43
Let y(p) = 2*p + 6. Let f be y(11). Let a be 5/15 - f/(-6). What are the prime factors of 47 + (a - 2) + -2?
2, 3
Suppose 92*g + 73791 - 654219 = 0. What are the prime factors of g?
3, 701
Let x(f) = -1589*f - 5131. What are the prime factors of x(-12)?
7, 11, 181
Suppose -52*s + 162*s = -78*s + 339528. What are the prime factors of s?
2, 3, 7, 43
Let u(g) be the first derivative of -223*g**2/2 + 99*g - 75. List the prime factors of u(-3).
2, 3
Let f(x) = x**2 + 29*x + 165. Let a be f(-23). List the prime factors of (((-16086)/8)/(-7))/(a/144).
2, 383
Suppose 0 = 2*y - 3*z + 16153 - 47933, -3*z - 15890 = -y. Suppose 0 = 26*k + 9*k - y. List the prime factors of k.
2, 227
Let a(p) = p + 1. Let r(m) = -20*m + 57. Let b(i) = -6*a(i) + r(i). List the prime factors of b(-12).
3, 11
Let f(j) = j**2 - j + 1232. Let k be f(0). Suppose n - 632 = 2*w, -w = 2*n + 3*w - k. What are the prime factors of n?
2, 3, 13
Let l = -16791 - -20460. List the prime factors of l.
3, 1223
Suppose -13*r + 17*r = 276. What are the prime factors of r/(-23) - 2574/(3 - 6)?
3, 5, 19
Let w be ((-6)/3)/(11/(22/(-4))). What are the prime factors of w/(10/4048) + (-5)/(-25)?
3, 5
Let u(v) = 14*v + 194. Let j be u(-14). Suppose -4*m - 28 = 2*y, -m - 1 = -6. What are the prime factors of (-3900)/y + j/(-4)?
163
Suppose -47*r = 79*r - 5116734. List the prime factors of r.
40609
Suppose 0*f + 3*r = -f + 30, 2*r + 60 = 2*f. Suppose -6*v = -v - f. What are the prime factors of 3/9*v - -46?
2, 3
Suppose -22*b + 95 = -17*b. Suppose -24*t = -b*t - 2495. What are the prime factors of t?
499
Suppose -2*m = m, -m = -2*c - 334. Suppose 4*a - 11 + 363 = 0. Let n = a - c. List the prime factors of n.
79
Let s(c) = 2*c**2 - 18*c - 3. Suppose -16 = 4*i - 0, 2*i - 89 = -d. Let b = 114 - d. List the prime factors of s(b).
269
Let x(s) = -6*s + 27. Let p be x(4). Suppose -8*u = -p*u. Suppose n - 4*q - 126 = 0, 3*q + u*q + 3 = 0. What are the prime factors of n?
2, 61
Let p(h) be the first derivative of h**6/40 - h**5/15 - 7*h**4/8 - 28*h**3/3 + 20. Let x(l) be the third derivative of p(l). List the prime factors of x(5).
2, 41
Let b = -5974 - -12522. What are the prime factors of b?
2, 1637
Let m = 2431 + 5154. List the prime factors of m.
5, 37, 41
Suppose -2 = s + 2*o, -7*o + 2*o = 5*s + 10. What are the prime factors of (12915/(-10))/9*s?
7, 41
Suppose 5*b + 3*u = -140, -6*u = b - 2*u + 45. Let a be (-1)/((-130)/b - 5). What are the prime factors of (6/a)/((-45)/600)?
2
Let k = -13734 - -45270. List the prime factors of k.
2, 3, 73
Suppose 2*d - 139 - 45 = 0. List the prime factors of ((-290)/(-3))/(d/12 - 7).
5, 29
Let y = 2378 + -394. Let c = y - 718. What are the prime factors of c?
2, 3, 211
Suppose 17*m - 80 = 7*m. Let f(u) = 37*u. List the prime factors of f(m).
2, 37
Suppose -12*n + 13031 + 57313 = -3*n. What are the prime factors of n?
2, 977
Suppose -2*n - 190 + 1285 = 3*v, 4*v + 1130 = 2*n. Suppose j - 193 = -3*o + 6*o, 3*j - n = o. What are the prime factors of j?
2, 23
Suppose -12*s = -11*s - 2457. Let w = -1444 + s. List the prime factors of w.
1013
Let w(c) = c - 1. Let p(a) = -8*a - 25. Let r(g) = -p(g) - 6*w(g). Let h be r(-15). Let o(l) = 48*l**3 + 2*l**2 - l - 1. What are the prime factors of o(h)?
2, 3
Suppose 1260 = 16*b + 29*b. Suppose 4*t - 25632 = -b*t. What are the prime factors of t?
3, 89
Let d = -8 + 12. Let b(t) = 3*t**2 - 6*t - 7. Let i be b(d). Suppose -i*f = -21*f + 676. What are the prime factors of f?
13
List the prime factors of (-94)/799 - 174764/(-34).
2, 5, 257
Let o(c) = 9189*c + 190. List the prime factors of o(1).
83, 113
Let m(x) = -166*x - 1. Let y be m(1). Let l(f) = -2*f**2 - 2*f - 80. Let u be l(0). Let v = u - y. List the prime factors of v.
3, 29
Suppose -3*k - 8 = -4*k + u, 0 = 3*k + 4*u - 3. Suppose k*p - 11 = -2*z - 0, 5*z - 13 = 2*p. Suppose z = 2*w - 7. What are the prime factors of w?
5
What are the prime factors of 119986/11 + 1/((-110)/(-20))?
2, 3, 101
Let s = 147 + -225. Let y = s + 81. Suppose 0 = -l + 4*h + 103, -5*l - 4*h + 515 = -y*h. List the prime factors of l.
103
What are the prime factors of (150/(-60) + 365/(-2))*856/(-20)?
2, 37, 107
Let s(m) = 15*m**2 - 360*m - 20. What are the prime factors of s(37)?
5, 1439
List the prime factors of 15918 + 150 - 1*17.
7, 2293
Let z be 2/(-3)*1/((-14)/63). List the prime factors of z/(-7) - 436696/(-476).
7, 131
Let w(m) = -m**3 + 5*m**2 + 10. Let a be w(5). Suppose 5*b + 7 = -z + 5*z, 2*z + 2*b + a = 0. List the prime factors of (-950)/(-8) - 2*z/16.
7, 17
Let v be (-4 - -1) + 6 + -5 + 4. Suppose -65 = -3*t + 4*x, -4*t + v*x + 88 = -2*x. Suppose 0 = 2*b - b + r - t, 3*b + 2*r = 66. List the prime factors of b.
2, 5
Suppose 12938 = 3*x + 7*h - 2621, -3*x = 2*h - 15524. List the prime factors of x.
2, 5, 11, 47
What are the prime factors of ((-293292)/(-60) - 6) + 2/(-10)?
2, 2441
Let s = 761 - 523. Let o = -104 + s. What are the prime factors of o?
2, 67
Let z(k) = -k**3 - 61*k**2 - 53*k - 158. List the prime factors of z(-64).
2, 3, 13, 199
Let p be (17/51)/(0 + 3/27). Let s = -6 - -13. Suppose -s*y + 92 = -p*y. List the prime factors of y.
23
Let v(n) = n**2 - 12. Let u be v(3). Let a(j) = -8*j - 8. Let b be a(u). List the prime factors of b/2 + 3/(-1).
5
List the prime factors of 1*(-11 - 63/(-18))/((-1)/662).
3, 5, 331
Suppose -26*r = -25*r + 5*b + 8, 3*r - 2*b = 10. Suppose -r*p = -13*p + 13200. List the prime factors of p.
2, 3, 5
Let a(u) = -2*u + 12. Let c(m) = 15*m**2 + m - 2. Let p be c(1). Suppose y + 2*v - p = 3*y, -y + 5*v = 7. List the prime factors of a(y).
2, 13
Suppose 3*x - 501 = -930. Suppose -3*l - 2*l = -1210. Let n = x + l. List the prime factors of n.
3, 11
Suppose 5*z + 22 = c, -2*c - 4*z + 2 = -0*z. Suppose d + c*f - 4*f = 17, 0 = -2*d - f + 14. Let s = 45 - d. List the prime factors of s.
2, 5
Suppose 0 = 2*w - w + 2*f + 654, -f = -4*w - 2634. Let h = w + 1064. List the prime factors of (h/21)/((-4)/(-18)).
3, 29
Let n = -47 + 837. Suppose 6*b - n = 254. List the prime factors of b.
2, 3, 29
Suppose 2*b - 4 = -u, 6 = b + 2*b - 2*u. Suppose b*o = 5*o - 12. What are the prime factors of (4/o - 50)/(-1)?
7
Let r = 547 + -369. Suppose -o + 170 = -y - r, 6 = 2*y. What are the prime factors of o?
3, 13
Suppose -31168 - 40044 = -4*j. What are the prime factors of j?
19, 937
Suppose -597*y - 660408 = -625*y. List the prime factors of y.
2, 3, 3931
Let o = -3 + 5. Suppose -144*d = -143*d + 11. What are the prime factors of (-29)/o*(d - -7)?
2, 29
Let f(o) = -817*o - 7602. List the prime factors of f(-57).
3, 31, 419
Let o(n) = n**2 + 3*n + 23. Let h be o(7). Suppose -q - 2*c = -h, 0 = -4*q - 4*c + 26 + 366. List the prime factors of q.
103
Let t = 56048 - 31292. List the prime factors of t.
2, 3, 2063
Let x = 42247 + -20254. List the prime factors of x.
3, 7331
Let z be 2/(-5) - (4 - 10674/(-15)). Let m = 294 - z. List the prime factors of m.
2, 5, 101
Let g = 32 - 35. Let a be (8/(-3) + 0)/(g/(-9)). What are the prime factors of (-2)/(-7 - 1) - 286/a?
2, 3
Let y(j) be the third derivative of -j**6/120 - 7*j**5/60 + 23*j**4/24 + 3*j**3/2 + 19*j**2. Let r be y(-9). Let b = r - -54. List the prime factors of b.
2, 3
Let s(q) = 140*q**2 - q - 60. Let n be s(11). Suppose 8*g = -3629 + n. List the prime factors of g.
5, 331
Let m = -14533 - -17610. List the prime factors of m.
17, 181
Suppose 9*j - 36 = -3*j. Suppose j*v + 48 = 6*v. List the prime factors of v.
2
Suppose -5*v + 6*v = 0. Let y be 1016/2 + (v - (1 - -1)). Suppose 0 = -2*z + 13*z - y. List the prime factors of z.
2, 23
Suppose t - 1850 = 1497. Let k = t - 2094. What are the prime factors of k?
7, 179
Suppose 13 - 19 = p. Let k be -3 + ((-6)/(-18) - 58/p). Suppose 4*q - k*r + 3*r - 384 = 0, -104 = -q - 3*r. What are the prime factors of q?
2, 7
Let x(z) = -6406*z + 5998. List the prime factors of x(-8).
2, 3, 7, 29, 47
What are the prime factors of 3/(-7) - (220/(-14))/((-15)/(-10950))?
11471
Suppose -4*p = 4*z - 39784, 2*z - 5*p = -z + 29830. What are the prime factors of z?
3, 5, 13, 17
Suppose -3*k + 